s 37087 prime?
True
Is 369133 a prime number?
True
Is 123953 prime?
True
Is 355369 composite?
True
Is 25339 composite?
False
Is 49843 prime?
True
Is 1693 a composite number?
False
Is 105191 a composite number?
True
Is 169543 prime?
False
Is 201757 a prime number?
True
Is 106519 composite?
True
Is 1657 a prime number?
True
Is 15607 prime?
True
Is 51059 composite?
False
Is 30739 prime?
False
Is 175291 composite?
False
Is 10541 composite?
True
Is 240659 a prime number?
True
Is 2827301 a prime number?
False
Is 27103 a composite number?
False
Is 51719 prime?
True
Is 1878127 a composite number?
True
Is 18331 composite?
True
Is 183371 a composite number?
True
Is 3599 a composite number?
True
Is 340633 composite?
False
Is 552459 composite?
True
Is 465583 a prime number?
False
Is 5623 a prime number?
True
Is 510793 prime?
True
Is 60161 a composite number?
False
Is 42191 prime?
False
Is 64547 a prime number?
False
Is 13319 a composite number?
True
Is 18751 prime?
False
Is 2371 composite?
False
Is 35569 composite?
False
Is 59191 a composite number?
True
Is 377 composite?
True
Is 55123 a composite number?
True
Is 4227 composite?
True
Is 708535 composite?
True
Is 113647 a prime number?
True
Is 4420703 composite?
True
Is 93683 composite?
False
Is 289183 composite?
True
Is 72421 a composite number?
False
Is 127363 a prime number?
True
Is 21647 a prime number?
True
Is 20469 a composite number?
True
Is 42151 a composite number?
True
Is 86969 prime?
True
Is 1661789 prime?
True
Is 858563 a composite number?
False
Is 815663 a composite number?
False
Is 1993553 a prime number?
True
Is 744877 a composite number?
True
Is 6211 prime?
True
Is 190835 a composite number?
True
Is 1954 prime?
False
Is 13217 prime?
True
Is 65 prime?
False
Is 254837 a prime number?
False
Is 397 prime?
True
Is 8941 composite?
False
Is 33107 a composite number?
False
Is 92813 prime?
False
Is 1088899 composite?
True
Is 20287 prime?
True
Is 125287 composite?
False
Is 193481 a prime number?
False
Is 498559 prime?
False
Is 26339 composite?
False
Is 235231 composite?
False
Is 5234 a prime number?
False
Is 2697869 a prime number?
True
Is 42235 composite?
True
Is 15127 composite?
True
Is 7243 composite?
False
Is 1181701 a prime number?
True
Is 103381 a prime number?
False
Is 7151 a prime number?
True
Is 23783 prime?
False
Is 103349 a prime number?
True
Is 21947 a prime number?
False
Is 12781 prime?
True
Is 328737 a composite number?
True
Is 185947 composite?
False
Is 278983 composite?
True
Is 2459 a prime number?
True
Is 5297 prime?
True
Is 1979 prime?
True
Is 55963 composite?
True
Is 1945 a composite number?
True
Is 12877 a composite number?
True
Is 419651 a prime number?
True
Is 561161 a prime number?
True
Is 43879 composite?
True
Is 2775119 a prime number?
True
Is 8461 prime?
True
Is 3279 a prime number?
False
Is 889 composite?
True
Is 8923 prime?
True
Is 248957 a composite number?
True
Is 86813 a composite number?
False
Is 10361 composite?
True
Is 192271 composite?
False
Is 152563 a composite number?
False
Is 52667 a composite number?
False
Is 20471 a prime number?
False
Is 30329 a prime number?
False
Is 127031 a prime number?
True
Is 4619 composite?
True
Is 14969 a prime number?
True
Is 244817 a prime number?
False
Is 17597 a prime number?
True
Is 171293 a composite number?
False
Is 364093 composite?
True
Is 20297 a prime number?
True
Is 140533 prime?
True
Is 94291 prime?
True
Is 14897 composite?
False
Is 29066 composite?
True
Is 8641 a prime number?
True
Is 18703 prime?
False
Is 142867 a prime number?
True
Is 2292617 composite?
True
Is 6778 prime?
False
Is 296473 prime?
True
Is 1471 a composite number?
False
Is 78977 prime?
True
Is 251939 a prime number?
True
Is 28727 composite?
True
Is 139957 prime?
False
Is 10133 a prime number?
True
Is 1746041 a composite number?
True
Is 95773 a prime number?
True
Is 1230133 a prime number?
False
Is 51451 prime?
False
Is 5723 prime?
False
Is 8269 composite?
False
Is 7447 a prime number?
False
Is 25561 a composite number?
False
Is 221251 a prime number?
True
Is 451579 composite?
False
Is 21683 a prime number?
True
Is 163601 a composite number?
False
Is 372193 composite?
True
Is 457 composite?
False
Is 5323 a prime number?
True
Is 2431489 prime?
True
Is 137567 composite?
False
Is 4373 a prime number?
True
Is 15931 prime?
False
Is 662963 a composite number?
True
Is 452203 a composite number?
True
Is 369179 composite?
True
Is 50171 prime?
False
Is 121229 prime?
True
Is 68245 a prime number?
False
Is 1174 prime?
False
Is 2153 prime?
True
Is 2302 a prime number?
False
Is 402691 a composite number?
False
Is 969713 a prime number?
True
Is 8158 a prime number?
False
Is 2378891 a composite number?
False
Is 738421 composite?
False
Is 470389 a composite number?
False
Is 8551 a prime number?
False
Is 65599 a composite number?
False
Is 105863 a composite number?
False
Is 2833 a prime number?
True
Is 2333 prime?
True
Is 160249 prime?
False
Is 278639 composite?
False
Is 103909 prime?
False
Is 3709 a prime number?
True
Is 86063 prime?
False
Is 32821 a composite number?
True
Is 971391 prime?
False
Is 124337 a composite number?
False
Is 304127 a prime number?
True
Is 40343 prime?
True
Is 1847 a composite number?
False
Is 1415 a prime number?
False
Is 8501 a composite number?
False
Is 52163 a prime number?
True
Is 4229 a prime number?
True
Is 3689371 prime?
False
Is 9871 prime?
True
Is 117391 composite?
True
Is 97203 a composite number?
True
Is 4499 prime?
False
Is 10694 composite?
True
Is 2357 a composite number?
False
Is 33071 a prime number?
True
Is 51461 a composite number?
False
Is 162563 a prime number?
True
Is 9127 a composite number?
False
Is 14849 a prime number?
False
Is 49649 prime?
False
Is 91859 prime?
False
Is 686417 prime?
True
Is 6009 a composite number?
True
Is 2270759 prime?
True
Is 280523 composite?
True
Is 90877 composite?
True
Is 5864603 a prime number?
True
Is 8254 prime?
False
Is 147817 prime?
False
Is 25183 composite?
False
Is 29917 composite?
False
Is 11311 composite?
False
Is 819367 composite?
False
Is 36371 a composite number?
True
Is 2719 a composite number?
False
Is 549329 a prime number?
False
Is 15161 composite?
False
Is 97015 a prime number?
False
Is 479 a composite number?
False
Is 48385 prime?
False
Is 22961 prime?
True
Is 6411 a composite number?
True
Is 230203 prime?
True
Is 13367 prime?
True
Is 1637 composite?
False
Is 232007 prime?
True
Is 594433 a composite number?
True
Is 613 composite?
False
Is 17161 a composite number?
True
Is 195169 a composite number?
True
Is 161869 prime?
True
Is 9043 a prime number?
True
Is 4073 composite?
False
Is 182987 prime?
False
Is 772229 composite?
False
Is 13823 a prime number?
False
Is 976762 a composite number?
True
Is 1703 a composite number?
True
Is 421417 composite?
False
Is 40895 a composite number?
True
Is 611861 composite?
True
Is 30181 prime?
True
Is 2627 a prime number?
False
Is 116089 a composite number?
False
Is 93581 a prime number?
True
Is 9979 a prime number?
False
Is 25147 a prime number?
True
Is 3863 prime?
True
Is 41443 composite?
False
Is 1637 prime?
True
Is 46891 prime?
False
Is 48947 composite?
False
Is 18839 a prime number?
True
Is 95153 composite?
False
Is 16129 prime?
False
Is 9311 composite?
False
Is 37489 prime?
True
Is 989 a composite number?
True
Is 278413 a composite number?
False
Is 636469 a prime number?
True
Is 1522537 composite?
True
Is 4399 a composite number?
True
Is 1761 prime?
False
Is 3737 composite?
True
Is 1119 prime?
False
Is 2631 a composite number?
True
Is 3271 a prime number?
True
Is 158637 prime?
False
Is 3761 prime?
True
Is 16183 composite?
False
Is 29641 a prime number?
True
Is 676093 prime?
False
Is 9986 a composite number?
True
Is 1537 composite?
True
Is 27073 composite?
False
Is 293 a prime number?
True
Is 3013 a prime number?
False
Is 9029 prime?
True
Is 1319 composite?
False
Is 1976149 a composite number?
True
Is 34003 a prime number?
False
Is 140209 composite?
True
Is 33661 composite?
True
Is 492103 a composite number?
False
Is 46853 composite?
False
Is 451859 composite?
False
Is 4421 a composite number?
False
Is 179801 a prime number?
True
Is 102521 prime?
False
Is 209191 composite?
True
Is 27049 a prime number?
False
Is 46834 a composite number?
Tr